?
0
What is the tens digit of 63?
6
What is the thousands digit of 1345?
1
What is the hundreds digit of 1454?
4
What is the tens digit of 1863?
6
What is the tens digit of 2628?
2
What is the thousands digit of 133653?
3
What is the tens digit of 2413?
1
What is the tens digit of 24725?
2
What is the thousands digit of 2496?
2
What is the hundreds digit of 1506?
5
What is the tens digit of 43977?
7
What is the hundreds digit of 464?
4
What is the hundred thousands digit of 149936?
1
What is the thousands digit of 33550?
3
What is the tens digit of 514?
1
What is the thousands digit of 24899?
4
What is the ten thousands digit of 17876?
1
What is the tens digit of 260?
6
What is the ten thousands digit of 19363?
1
What is the units digit of 1522?
2
What is the units digit of 3387?
7
What is the tens digit of 3767?
6
What is the units digit of 923?
3
What is the thousands digit of 9708?
9
What is the hundreds digit of 7136?
1
What is the thousands digit of 154587?
4
What is the hundreds digit of 1717?
7
What is the units digit of 921?
1
What is the tens digit of 667?
6
What is the units digit of 113?
3
What is the hundreds digit of 506?
5
What is the units digit of 1379?
9
What is the tens digit of 955?
5
What is the ten thousands digit of 89970?
8
What is the thousands digit of 7352?
7
What is the tens digit of 14595?
9
What is the hundreds digit of 69119?
1
What is the tens digit of 12155?
5
What is the hundreds digit of 12349?
3
What is the tens digit of 7688?
8
What is the tens digit of 769?
6
What is the thousands digit of 7808?
7
What is the hundreds digit of 53973?
9
What is the units digit of 184?
4
What is the hundreds digit of 1137?
1
What is the hundreds digit of 948?
9
What is the thousands digit of 11472?
1
What is the thousands digit of 2424?
2
What is the units digit of 75934?
4
What is the hundreds digit of 8394?
3
What is the units digit of 14649?
9
What is the units digit of 626?
6
What is the units digit of 4034?
4
What is the hundreds digit of 216?
2
What is the units digit of 1730?
0
What is the tens digit of 6349?
4
What is the tens digit of 1279?
7
What is the hundreds digit of 16340?
3
What is the units digit of 1053?
3
What is the tens digit of 39706?
0
What is the units digit of 9205?
5
What is the units digit of 2367?
7
What is the thousands digit of 1084?
1
What is the units digit of 8686?
6
What is the ten thousands digit of 28953?
2
What is the ten thousands digit of 35342?
3
What is the thousands digit of 1348?
1
What is the hundreds digit of 24343?
3
What is the tens digit of 48438?
3
What is the ten thousands digit of 20775?
2
What is the units digit of 2008?
8
What is the units digit of 19930?
0
What is the hundred thousands digit of 106379?
1
What is the ten thousands digit of 107682?
0
What is the ten thousands digit of 62502?
6
What is the tens digit of 786?
8
What is the units digit of 1567?
7
What is the tens digit of 3376?
7
What is the ten thousands digit of 39814?
3
What is the tens digit of 2159?
5
What is the hundreds digit of 7345?
3
What is the thousands digit of 1222?
1
What is the thousands digit of 8181?
8
What is the tens digit of 79?
7
What is the hundreds digit of 87012?
0
What is the ten thousands digit of 79901?
7
What is the tens digit of 11610?
1
What is the hundreds digit of 22359?
3
What is the thousands digit of 31950?
1
What is the tens digit of 687?
8
What is the tens digit of 833?
3
What is the tens digit of 29109?
0
What is the thousands digit of 38779?
8
What is the thousands digit of 6393?
6
What is the hundreds digit of 515?
5
What is the units digit of 878?
8
What is the thousands digit of 6681?
6
What is the thousands digit of 3865?
3
What is the units digit of 33939?
9
What is the thousands digit of 2659?
2
What is the ten thousands digit of 18884?
1
What is the tens digit of 5543?
4
What is the tens digit of 2482?
8
What is the units digit of 27556?
6
What is the hundreds digit of 2369?
3
What is the thousands digit of 1824?
1
What is the ten thousands digit of 20397?
2
What is the units digit of 289?
9
What is the ten thousands digit of 11339?
1
What is the thousands digit of 1227?
1
What is the units digit of 3264?
4
What is the tens digit of 14681?
8
What is the hundreds digit of 932?
9
What is the tens digit of 6122?
2
What is the hundreds digit of 648?
6
What is the tens digit of 9085?
8
What is the units digit of 4139?
9
What is the thousands digit of 1838?
1
What is the hundreds digit of 19875?
8
What is the thousands digit of 1719?
1
What is the units digit of 994?
4
What is the hundreds digit of 56508?
5
What is the thousands digit of 122373?
2
What is the hundreds digit of 3788?
7
What is the units digit of 1351?
1
What is the hundreds digit of 23851?
8
What is the thousands digit of 1213?
1
What is the tens digit of 6095?
9
What is the hundreds digit of 21639?
6
What is the tens digit of 936?
3
What is the hundreds digit of 7550?
5
What is the ten thousands digit of 52998?
5
What is the ten thousands digit of 158703?
5
What is the units digit of 16979?
9
What is the hundreds digit of 4987?
9
What is the units digit of 4946?
6
What is the tens digit of 89641?
4
What is the tens digit of 2533?
3
What is the hundreds digit of 543?
5
What is the hundreds digit of 3019?
0
What is the units digit of 12451?
1
What is the units digit of 7501?
1
What is the units digit of 22996?
6
What is the tens digit of 247?
4
What is the thousands digit of 39826?
9
What is the thousands digit of 1101?
1
What is the tens digit of 14769?
6
What is the units digit of 4615?
5
What is the units digit of 8259?
9
What is the hundreds digit of 20420?
4
What is the thousands digit of 58949?
8
What is the hundreds digit of 242?
2
What is the hundreds digit of 388?
3
What is the hundreds digit of 5116?
1
What is the thousands digit of 2620?
2
What is the tens digit of 25593?
9
What is the tens digit of 1113?
1
What is the tens digit of 181116?
1
What is the units digit of 30?
0
What is the tens digit of 1259?
5
What is the units digit of 7424?
4
What is the tens digit of 3850?
5
What is the units digit of 50366?
6
What is the thousands digit of 9536?
9
What is the tens digit of 123169?
6
What is the tens digit of 6393?
9
What is the hundreds digit of 3524?
5
What is the units digit of 25478?
8
What is the tens digit of 105?
0
What is the tens digit of 2652?
5
What is the units digit of 44336?
6
What is the hundreds digit of 2709?
7
What is the hundreds digit of 36011?
0
What is the units digit of 10519?
9
What is the thousands digit of 9287?
9
What is the ten thousands digit of 24617?
2
What is the hundreds digit of 2661?
6
What is the hundreds digit of 101435?
4
What is the units digit of 7502?
2
What is the hundreds digit of 973?
9
What is the thousands digit of 3757?
3
What is the tens digit of 12027?
2
What is the thousands digit of 2848?
2
What is the hundreds digit of 713?
7
What is the hundred thousands digit of 102766?
1
What is the thousands digit of 12977?
2
What is the hundreds digit of 9476?
4
What is the hundreds digit of 9973?
9
What is the hundreds digit of 1640?
6
What is the hundreds digit of 18390?
3
What is the hundreds digit of 316?
3
What is the tens digit of 60?
6
What is the thousands digit of 24753?
4
What is the hundreds digit of 21472?
4
What is the thousands digit of 3441?
3
What is the thousands digit of 5658?
5
What is the tens digit of 369?
6
What is the tens digit of 1453?
5
What is the hundreds digit of 807?
8
What is the tens digit of 132968?
6
What is the hundreds digit of 1400?
4
What is the units digit of 12553?
3
What is the thousands digit of 1986?
1
What is the tens digit of 1347?
4
What is the thousands digit of 61088?
1
What is the thousands digit of 1038?
1
What is the hundreds digit of 1365?
3
What is the units digit of 810?
0
What is the units digit of 500?
0
What is the units digit of 7664?
4
What is the hundreds digit of 7370?
3
What is the units digit of 6560?
0
What is the thousands digit of 1464?
1
What is the units digit of 48?
8
What is the units digit of 6285?
5
What is the tens digit of 498?
9
What is the units digit of 27275?
5
What is the units digit of 7164?
4
What is the units digit of 964?
4
What is the ten thousands digit of 49411?
4
W